is the greatest common factor of 370 and 29403490?
10
What is the highest common factor of 123 and 59446064?
41
Calculate the greatest common factor of 11957870 and 80.
10
What is the greatest common divisor of 6815072 and 1408?
352
What is the greatest common factor of 4891 and 53509?
73
What is the greatest common factor of 162194 and 1?
1
Calculate the greatest common divisor of 3244240 and 3047360.
8560
What is the highest common factor of 725 and 692254?
1
Calculate the highest common divisor of 115 and 10651325.
5
Calculate the highest common factor of 131237 and 4990.
499
What is the highest common factor of 2169303 and 531?
3
What is the highest common factor of 530 and 334890?
10
What is the greatest common divisor of 13492520 and 40?
40
Calculate the highest common factor of 4882575 and 1575.
75
What is the greatest common divisor of 4430582 and 63986?
598
Calculate the highest common divisor of 7446 and 170578.
34
Calculate the greatest common factor of 7541366 and 15428.
266
Calculate the greatest common divisor of 4150300 and 17325.
1925
What is the highest common factor of 28811 and 181326?
47
What is the greatest common divisor of 588 and 15413412?
84
Calculate the greatest common divisor of 7 and 188346221.
7
Calculate the greatest common factor of 4058 and 241974482.
4058
Calculate the greatest common divisor of 518 and 916786.
74
Calculate the greatest common factor of 2438 and 36178118.
106
Calculate the highest common factor of 27 and 812943882.
9
Calculate the highest common factor of 11935 and 60914535.
1705
What is the highest common factor of 2502 and 39048642?
18
What is the highest common divisor of 302 and 70167737?
151
What is the highest common factor of 100 and 42934900?
100
What is the highest common factor of 5478051 and 4674?
123
Calculate the greatest common factor of 1683 and 69876.
9
What is the greatest common factor of 4521 and 440319?
33
Calculate the greatest common divisor of 839781 and 18297.
171
What is the greatest common factor of 1632753 and 161766?
387
Calculate the greatest common factor of 4 and 42052844.
4
Calculate the greatest common factor of 188 and 365692.
4
Calculate the greatest common factor of 3 and 31933078.
1
Calculate the highest common divisor of 22673 and 62173.
79
Calculate the greatest common factor of 3318 and 3512670.
42
Calculate the greatest common divisor of 842542 and 16216848.
8342
What is the greatest common factor of 20615 and 38209570?
665
Calculate the highest common factor of 484437 and 3813.
93
What is the greatest common factor of 231 and 3900687?
21
Calculate the greatest common factor of 226081 and 8094532.
1387
Calculate the highest common divisor of 23951 and 635537.
557
What is the greatest common divisor of 155684684 and 536?
268
What is the greatest common factor of 3936 and 310784?
32
What is the greatest common factor of 426465 and 6292?
13
What is the greatest common factor of 10965 and 455499?
129
What is the highest common factor of 1710 and 79765470?
90
Calculate the greatest common factor of 2424205 and 210.
35
Calculate the greatest common factor of 2926 and 7103530.
266
What is the highest common divisor of 8339 and 670079?
269
What is the greatest common divisor of 3956134 and 546?
182
Calculate the highest common divisor of 432 and 265692204.
108
Calculate the greatest common factor of 1499240 and 22940.
740
Calculate the greatest common factor of 17039 and 261342633.
1549
Calculate the highest common divisor of 240 and 1768656.
48
Calculate the greatest common divisor of 676359 and 687.
3
Calculate the greatest common factor of 37441407 and 306792.
12783
What is the highest common factor of 91 and 1441791?
13
Calculate the highest common factor of 102743 and 742823.
127
Calculate the highest common divisor of 1909038 and 12.
6
Calculate the highest common factor of 50456 and 342168.
424
Calculate the greatest common factor of 102040575 and 325.
325
What is the greatest common divisor of 6 and 154269088?
2
What is the greatest common factor of 67490752 and 48?
16
What is the greatest common divisor of 220 and 727881?
11
What is the highest common factor of 6667488 and 1535683?
7717
Calculate the greatest common divisor of 96105830 and 53150.
10630
What is the greatest common factor of 620 and 10680610?
10
What is the greatest common factor of 227877 and 2847?
39
Calculate the highest common divisor of 5805092 and 1156.
68
What is the highest common divisor of 586094 and 35894?
262
Calculate the greatest common factor of 25874 and 397242.
1522
What is the highest common factor of 3943412 and 190?
38
Calculate the highest common factor of 92412 and 2313054.
306
Calculate the highest common factor of 1608068 and 231.
77
Calculate the greatest common factor of 15792 and 774372.
564
Calculate the highest common divisor of 1454327 and 47744.
373
Calculate the highest common factor of 18631 and 140461.
31
Calculate the greatest common divisor of 184382 and 26158.
638
What is the highest common factor of 404 and 5267554?
202
What is the highest common factor of 4449529 and 833?
119
What is the highest common divisor of 33793795 and 2345?
2345
What is the highest common divisor of 186287 and 1873316?
1741
Calculate the highest common factor of 100 and 58732060.
20
What is the highest common factor of 14034728 and 8028?
892
What is the highest common factor of 1771 and 1515010?
161
Calculate the greatest common divisor of 12810734 and 14.
2
What is the greatest common divisor of 40849386 and 114280?
5714
What is the greatest common factor of 1641080 and 700?
140
Calculate the highest common factor of 719253 and 2295.
459
What is the greatest common factor of 77574340 and 20?
20
What is the greatest common factor of 5112 and 291952?
568
What is the greatest common factor of 42890630 and 230?
230
What is the highest common factor of 22248 and 216656586?
5562
What is the highest common factor of 382552290 and 2022?
2022
What is the highest common divisor of 9027 and 60403669?
1003
Calculate the highest common factor of 187880 and 560.
280
What is the greatest common factor of 164680 and 297160?
920
What is the highest common factor of 114948 and 2140?
4
Calculate the greatest common factor of 997956 and 3.
3
What is the highest common divisor of 105 and 100401?
21
What is the greatest common factor of 5520 and 91414305?
345
What is the highest common divisor of 61567728 and 128?
16
Calculate the highest common divisor of 20687675 and 7372.
1843
What is the greatest common factor of 16 and 3993044976?
16
What is the highest common divisor of 6240626 and 516838?
7714
What is the greatest common factor of 4023 and 2880617?
149
Calculate the greatest common divisor of 8684226 and 35248.
4406
Calculate the greatest common factor of 19166004 and 13728.
1716
What is the highest common factor of 492 and 118311486?
246
Calculate the greatest common factor of 36875442 and 12.
6
What is the highest common divisor of 210 and 31784382?
42
What is the greatest common divisor of 11709369 and 21?
21
What is the highest common divisor of 2832 and 52435542?
354
What is the highest common factor of 90 and 13665852?
18
Calculate the highest common divisor of 71145 and 79220.
85
Calculate the highest common divisor of 100529 and 92239927.
9139
What is the highest common divisor of 1870 and 182215?
55
What is the highest common factor of 745085 and 101365?
1045
Calculate the greatest common divisor of 14144 and 5108194.
442
Calculate the greatest common factor of 916832 and 9208.
8
Calculate the greatest common divisor of 11864157 and 3.
3
What is the highest common factor of 19321482 and 174?
174
Calculate the highest common factor of 14659557 and 165.
33
Calculate the greatest common divisor of 28625146 and 44.
22
Calculate the highest common divisor of 873444 and 17303.
143
What is the greatest common divisor of 1077297 and 2691?
897
What is the highest common factor of 983509 and 70799?
853
Calculate the greatest common divisor of 157032 and 104031.
27
Calculate the highest common divisor of 7563315 and 75.
15
Calculate the greatest common factor of 1647 and 28322666.
61
What is the greatest common divisor of 1524 and 69468?
12
What is the greatest common factor of 60544 a